s the units digit of u?
8
Let c(s) = -62*s**2. Let w be c(1). Suppose 516 = -5*j + h, 5*j = 8*h - 4*h - 504. Let z = w - j. What is the tens digit of z?
4
Suppose 71*h - 171976 = 4317. What is the hundreds digit of h?
4
Let l(z) = -17*z + 1175. What is the tens digit of l(0)?
7
Suppose -35 = -4*f + 5. Suppose -12*z + f*z = 0. Suppose -4*k + z*w + 92 = 5*w, -5*w = -4*k + 92. What is the units digit of k?
3
Suppose -4*t + 19436 = 5*g, 5*g + 4861 = 4*t - 14575. What is the hundreds digit of t?
8
Suppose j - 3*j + 132 = 0. What is the units digit of (19 - 1)*484/j?
2
Let s be 3 - (6*-8 + -3). Suppose s*z - 184 = 50*z. What is the tens digit of z?
4
Let f = 64 + 41. What is the units digit of (30/f)/((-1)/(-7)) + 31?
3
Suppose 19 = g + 2*m, -3*g - 2*m = -3*m - 85. Let r = g + 1. What is the units digit of r?
8
What is the hundreds digit of ((-12)/(-18))/(0 - (-3)/3123)?
6
Suppose 15*z + 4*z = 4712. What is the units digit of z?
8
Let m(s) = s**3 + 6*s**2 - 12*s - 2. Let g be m(-6). Suppose n = -d + 18, 5*d - g = 5*n + 40. What is the units digit of d?
0
Let u = 3 - 23. Let j = -15 - u. Suppose 3*o + 4*a = 58, 3*o + j*a + 31 = 5*o. What is the units digit of o?
8
Let d = 2 - -32. Let l = d - 24. What is the units digit of l?
0
Let b(w) = 5*w**2 + 51*w - 19. Let m be b(-17). Let p = m - 318. What is the hundreds digit of p?
2
Let q be 5 + (-1 - 1) + -4. Let u = q - -33. Suppose -u = -7*y + 6*y. What is the tens digit of y?
3
Let k be (-1)/((-12)/10 - -1). Suppose k*z - 3 = 7. Suppose z*p = 3*p - 23. What is the tens digit of p?
2
Let a(z) = 39*z**2 + z. Let b = 3 + -4. What is the tens digit of a(b)?
3
Let v be (-1)/(-6) + 4/48*58. Suppose 3*z + 342 = 5*q, -z - 137 - 197 = -v*q. What is the units digit of q?
6
Let m(v) = 8*v + 13 - 7*v + 4*v - v**2 + 6*v. Let z be m(12). What is the units digit of (z - -158)*3/9?
3
Let l(v) = -v**3 + 10*v**2 + 6*v - 10. Suppose -10 = -6*n + 14. Suppose 3*g - 8*g = -2*x - 52, 4*g - 36 = -n*x. What is the tens digit of l(g)?
5
Suppose 3*n = -2*z + 5188, -5*n + 8648 = 9*z - 5*z. What is the units digit of n?
8
Suppose -27*s - 18 = -26*s. Let h(w) = -3*w - 14. What is the tens digit of h(s)?
4
Let y be (-2 - -6 - 5) + 7. Suppose 9*k = y*k + 318. Suppose 0 = -2*z - 4*f + k, -5*f = -3*z + 2*z + 74. What is the tens digit of z?
5
Suppose -152*w + 30600 = -137*w. What is the units digit of w?
0
Let u = 20 - -6. Suppose 5*i + 94 = b + u, 5*i = 5*b - 280. Suppose 8*t = 3*t + 3*c + b, 3*c - 17 = -2*t. What is the tens digit of t?
1
Suppose 486*h - 493*h = -13293. What is the thousands digit of h?
1
Let k(c) = -c**3 + 13*c**2 - 12*c + 20. Let t be k(9). Suppose -6*z + t = -2*z - 4*p, z - 55 = -3*p. What is the tens digit of z?
5
Suppose 4*q = -z - 8, 3*z + 5 = -5*q - 5. Suppose z*w = w. Suppose 0 = -3*t + 2*g - 7*g + 23, w = 4*t - 3*g - 79. What is the tens digit of t?
1
Let k = -16 + 18. Suppose -2*a + 40 = 2*b - a, -2*b - k*a = -40. Suppose 16*q - b*q = -132. What is the units digit of q?
3
Suppose 6*u + 996 = 9*u. What is the hundreds digit of u?
3
Let s(z) = -z**2 - 2*z + 174. Let r = -6 - -6. Let g be s(r). Suppose -5*c = 4*i - g, 215 = 3*i + 2*i + 5*c. What is the units digit of i?
1
Let o be 0 + (4/12 - 1/3). What is the units digit of 9 + 0/(4 - o)?
9
Let q = -3281 + 5441. What is the units digit of q?
0
Suppose -2*j + 144 = -3*x, j - 5*j + x + 308 = 0. Let h = j + -69. What is the units digit of h?
9
Let f = -12 + 15. Let r = -16 + 22. Suppose f*g + 2*s - 59 = r*s, -3*s = 4*g - 112. What is the units digit of g?
5
What is the thousands digit of (5685/25)/(2/30)?
3
Let y(r) = r**3 + r**2 - 4*r + 33. What is the tens digit of y(6)?
6
Let g = 15 + 1. Suppose -438 + 1334 = g*k. What is the units digit of k?
6
What is the tens digit of 3/60*12 + (-20992)/(-5)?
9
Let b(f) = f**2 - 8*f + 5. Let s(l) = l + 11. Suppose -8*a + a = 0. Let p be s(a). What is the units digit of b(p)?
8
Let t = -14 - -16. Suppose -7*q = -t*q. Suppose q = w - 3*w + 102. What is the units digit of w?
1
Let d = 260 + -81. Let y = d + -102. What is the units digit of y?
7
Let f be (4/(-20))/(3/(-15)). Let r be (-14 - -4)*1/f. What is the units digit of (-212)/r - 1/5?
1
Let q(l) = -4*l - 9. Suppose 17 = 3*o + 41. What is the tens digit of q(o)?
2
Let p(h) = -10*h + 35. Let i be p(-14). Let c = 450 - i. What is the tens digit of c?
7
Suppose 0*s + 5*s = 3675. Suppose -2*n - n + s = 0. Suppose 5*f + n = 3*l + 2*l, f = -3. What is the units digit of l?
6
Let a = -72 - -417. What is the tens digit of a?
4
Suppose 4*c + 26*l - 25*l = 6497, -4859 = -3*c + 2*l. What is the hundreds digit of c?
6
Let r = -23 - -40. Suppose 0 = 17*s - 16*s + 4*m - 23, 5*s - 55 = -5*m. Suppose r = 3*k - s. What is the units digit of k?
8
Suppose 4*t - 2 = 4*r + 18, -21 = 3*r - t. Let m be -11 - 7/((-35)/20). Let a = m - r. What is the units digit of a?
1
Let t be (-152)/(-6) - (56/21)/8. Suppose 0*r - 20 = 4*r, -p - 5*r = -t. What is the units digit of p?
0
What is the units digit of 8/(-10)*(-437 + -3)?
2
Suppose -5*s + 3*s = -s. Suppose -6*b - b + 385 = s. What is the tens digit of b?
5
Let p(i) = i + 2. Let w be p(-2). Suppose w*o + 72 = o + s, -156 = -2*o - 5*s. What is the tens digit of o?
6
Let y = 11 + -8. Suppose -w = -0*x + 2*x + 28, -y*x + 4*w = 31. Let l = x - -21. What is the units digit of l?
8
Suppose 5*v - 841 = 4*p, -3*v - 2*p - 3*p = -512. What is the hundreds digit of v?
1
Suppose -51458 = 24*v - 46*v. What is the units digit of v?
9
Let d be (-1)/(-2) + 165/(-6). Let h = d - -61. What is the tens digit of h?
3
Suppose -2*o + 32 = 5*v + 5, 3*o + 5*v - 28 = 0. Let f be -4 - 0 - (-20)/5. Let a = o + f. What is the units digit of a?
1
Suppose 5*p - 2*i = 2595, p - 3*p + 1027 = -3*i. What is the tens digit of p?
2
Let o(l) be the first derivative of -l**4/4 + 10*l**3/3 + 5*l**2/2 + 21*l - 10. What is the tens digit of o(10)?
7
Let r(g) = 3687*g**2 + 14*g - 2. What is the thousands digit of r(-1)?
3
Let k be 3/(12/8) - 0. Suppose -5*v + 19 = -q, -10 = k*v - 4*v - 2*q. Suppose -2*n + 4 = -v*d + 130, d + 2*n = 34. What is the tens digit of d?
3
Let s(y) be the first derivative of 5*y**2 + 30*y + 8. What is the units digit of s(10)?
0
Let t(l) = 10*l - 1. Let w be t(1). Let r be (-4)/(6/w*-3). Suppose -9 - 43 = -r*m. What is the units digit of m?
6
Let f(a) = a**3 - 59*a**2 - 74*a - 18. What is the thousands digit of f(61)?
2
Let a(w) = 3*w**2 - 4*w. Let x be a(2). Let k be (91/(-4))/(-7)*x. Let j = -1 + k. What is the tens digit of j?
1
Suppose 80 = -7*f - 95. Let t be -2*(-1)/((-2)/(-61)). Let q = t + f. What is the tens digit of q?
3
Let c = 712 + -349. What is the tens digit of c?
6
Let l = 29 - 26. Let d(g) = 8*g**2 - 8*g + 4*g**3 - 2*g**2 + g**2 + 8 - 5*g**l. What is the units digit of d(5)?
8
Suppose 49*o + 1742 = 2*i + 46*o, 0 = -2*o - 8. What is the hundreds digit of i?
8
Let l = 340 - 297. What is the tens digit of l?
4
Let g(k) = -k + 13. Let t be g(10). Suppose t*p = -6, -x + 2*x = -p + 56. What is the tens digit of x?
5
Suppose -45*b + 22364 + 1441 = 0. What is the hundreds digit of b?
5
Let k = 5731 + -3470. What is the hundreds digit of k?
2
Let n be -1 - (-18)/21 - 4665/(-21). Let b = -135 + n. What is the units digit of b?
7
Suppose -u + 2*u - 626 = -3*m, 4*m - 853 = -5*u. Let z = 298 - m. What is the units digit of z?
1
Let i(u) = u**3 + u + 21. Let r be (9/3)/(2 + -1). Suppose -r*q = -q. What is the tens digit of i(q)?
2
Let r be (-6)/(3 + -2 + 1). Let u be 2 - (1*-4 - r). Suppose -u = v - 26. What is the tens digit of v?
2
Suppose -3*f = 3*j - 423, 0 = 2*j + f - 445 + 164. Suppose -g + j = -47. What is the units digit of g?
7
What is the tens digit of (724 + (0 - 0))*24/24?
2
Let o = -35 - -41. Let y(g) = -3*g**2 + 6 - g**3 - g - g + 10*g**2. What is the units digit of y(o)?
0
What is the tens digit of 10720/45 + ((-21)/(-27) - 1)?
3
Let u = 2 + 3. Let q(y) = 2 - 3*y**3 - 3*y**2 - 6*y + u*y + 4*y**3. What is the tens digit of q(4)?
1
Let j = -687 - -483. What is the units digit of ((-10)/30)/(2/j)?
4
Let h(a) = a**3 - 7*a + 150. Let z be h(0). Let n = z + -59. What is the units digit of n?
1
Let l(o) = -3*o**3 + 2*o**2 + o + 3. Let c(d) = -5*d**3 + 4*d**2 + d + 5. Let a(s) = -2*c(s) + 5*l(s). Let r = 0 - 2. What is the units digit of a(r)?
7
Let 